 - w*y + 3*y + y**2 + 1. Determine s(3).
7
Let z = -19 + 25. Let x(w) be the first derivative of w**4/4 - 7*w**3/3 + 3*w**2 - 6*w + 3. Calculate x(z).
-6
Let j = 0 + -5. Let h(p) = 4*p**3 + 7 - 5*p**3 - 4*p**2 - 529*p + 536*p. Give h(j).
-3
Let s(f) = 2*f**2 - 3*f + 3. Let a be ((-3)/(-2))/((-2)/(-4)). Determine s(a).
12
Let l be (-4)/(-6)*(1 - -2). Let r(m) be the third derivative of -1/8*m**4 - 1/3*m**3 + 3*m**2 + 0*m + 0. Give r(l).
-8
Let h(l) be the third derivative of l**4/24 + l**3/3 + l**2. Suppose b + b - 36 = 0. Suppose -k - 2*k - b = 0. Determine h(k).
-4
Let l(t) = -8*t**3 + t**2 + 0*t**2 - 850 + 850. Suppose 4*y - y - 3*h = -6, -4*h = -12. Determine l(y).
-7
Let q(r) = r**3 + 6*r**2 + 4*r + 6. Suppose 0*t - 3 = -t. Suppose 5*n + 8 = -t*w - 22, n = 4*w + 17. Calculate q(w).
11
Let h(z) = 4*z**2 + 3*z - 8. Let i(d) = -9*d**2 - 6*d + 17. Let x(p) = -7*h(p) - 3*i(p). Give x(-4).
1
Let f(x) = -x**2 - 8*x - 9. Let m(g) = 1. Let s(b) = -f(b) - 5*m(b). Let d be (-8)/(48/(-9))*(-2 - 0). Determine s(d).
-11
Let r = 4 + -3. Let x(y) = -1. Let q(w) = w + 1. Suppose 4*m + 12 = -0*c - 2*c, 0 = -m - c - 5. Let i(v) = m*q(v) + r*x(v). Calculate i(-3).
1
Let k(w) = -3*w**2 + 5 - 4 + w + 4*w**2. Let s(v) = -v**3 - 2*v**2 + 3*v - 1. Let p be s(-3). Give k(p).
1
Let r(x) be the second derivative of -x**6/360 + 7*x**5/120 - x**4/12 - 3*x**3/2 - 4*x. Let z(m) be the second derivative of r(m). What is z(5)?
8
Let v(y) be the second derivative of 3*y + 1/6*y**3 + 6*y**2 + 0. What is v(-5)?
7
Let s(v) = 0*v + 2*v - 3*v - 1. Let g(y) = y**3 + 7*y**2 - 2*y - 8. Let j be g(-7). Suppose -j*d = -9*d. Calculate s(d).
-1
Let p(i) be the third derivative of i**5/60 - i**4/6 + i**3/6 - 6*i**2. Suppose 5*j - 7 = 2*a + 2*j, -a - j + 9 = 0. Suppose -a*w + 5 = -7. Give p(w).
-2
Let l(x) = -x + 1 + 4 - 3 + 2. Let q be 27/(-12)*(-40)/15. Calculate l(q).
-2
Let h(j) = 25*j**2 + 2*j - 2. Let u be h(1). Suppose 5*m = 10*m - u. Let x(q) = 4*q - 7. Give x(m).
13
Let s(r) be the first derivative of -r**3/3 - 3*r**2 - 3*r + 1. Let v be (-3)/12 + (-23)/4. Determine s(v).
-3
Let s(d) = d. Let b(z) = 2. Let w(y) = -b(y) - s(y). Give w(3).
-5
Suppose -5*l + 5*g = 5, -l = -0*l + g - 3. Suppose 5*j + 2*s + 10 = 0, -l = 3*j - 4*s + 5. Let i(n) be the second derivative of -n**3/3 - n**2/2 + n. Give i(j).
3
Let o = 415 - 409. Let l(i) = 2*i + 7. Let f(p) = -3*p - 13. Let s(r) = -6*f(r) - 10*l(r). What is s(o)?
-4
Let k(n) = 13*n**2 + 2*n + 1. Suppose -4*w = 10 + 22. Let a = -9 - w. Give k(a).
12
Let u be (-2 + 2)*(-1)/2. Let j = u - -2. Let y(o) = -o**3 - o - o - o**j + 2 + 3*o. Give y(0).
2
Let z(d) = -11*d**3 + 5*d**2 + 17*d - 7. Let b(l) = 5*l**3 - 2*l**2 - 8*l + 3. Let i(m) = 13*b(m) + 6*z(m). Calculate i(3).
0
Let k(g) = -15*g**2 + 36*g**2 - 4 - 20*g**2. Suppose -4*a + 0*a = -3*d + 4, 0 = -3*a - 3. Calculate k(d).
-4
Let f(m) = -5*m**2 - 5*m + 8. Let o(w) = -w**2 + 1. Let q(l) = -f(l) + 4*o(l). Give q(-4).
-8
Let u(i) = -i**3 - 4*i**2 + 2*i + 5. Let z be u(-4). Let h(k) = k**2 + 4*k - 1. Determine h(z).
-4
Let c(p) = p**2 + 6*p + 3. Suppose -3*a + 101 = 29. Let w be (6/4)/((-9)/a). Give c(w).
-5
Suppose 5*z + 14 = g + 42, -3*z + 10 = -4*g. Let t(i) = -i**2 + 6*i - 2. Give t(z).
-2
Let d(p) = p**2 + p - 1. Let a be 2/(-6)*(-4 + 1). Let x(v) = 3*v**2 + 10*v + 3. Let q(g) = a*x(g) - 4*d(g). Give q(6).
7
Let u = 6 + -12. Let z(x) = 60*x**2 - 28*x**2 - 7*x - 33*x**2 - 8. Determine z(u).
-2
Suppose 4*i - 3*i = 0. Suppose 9*t - 4*t - 25 = i. Let v(y) = -y**2 + 3*y + 6. What is v(t)?
-4
Let s(y) be the first derivative of 7*y**4/4 + y**3/3 + y**2/2 - 6. Calculate s(-1).
-7
Let a(m) = -4*m**2 + 6*m + 6. Let o(f) be the second derivative of f**4/4 - 5*f**3/6 - 5*f**2/2 - f. Let i(j) = -2*a(j) - 3*o(j). Determine i(4).
-1
Let n be 4/(24/14)*3. Let m(c) = -c**3 + 8*c**2 - 7*c + 2. Let i be m(n). Let y(v) = 2*v**3 - 2*v**2 - v - 1. Give y(i).
5
Let u(p) be the third derivative of -p**6/120 - p**5/60 + 5*p**3/6 + 9*p**2. Let d be (0 + 0)*1 - 0. Give u(d).
5
Let n(i) = i**2 + 7*i + 8. Let g(s) = s**3 - s + 1. Let c be g(2). Let d be (-34)/6 - c/21. What is n(d)?
2
Let u be (-6)/(-42) - 81/(-21). Let r(o) = -5*o**3 + 9*o**2 + 5. Let j(a) = -6*a**3 + 10*a**2 + a + 5. Let f(x) = -4*j(x) + 5*r(x). Calculate f(u).
5
Let i(q) = -4*q**3 - 25*q**2 + 28*q + 20. Let d(w) = -w**3 - 6*w**2 + 7*w + 5. Let o(c) = -9*d(c) + 2*i(c). Suppose 7 + 3 = -2*s. Determine o(s).
5
Let d(k) = -k**3 + 5*k**2 - 3*k + 2. Let q(p) = p**3 + 7*p**2 + 5*p - 3. Let j be q(-6). Give d(j).
11
Let i(a) = a**3 - 8*a**2 + a - 4. Suppose 15*m = 8*m + 56. Determine i(m).
4
Let i(n) = -n + 4 + 3*n - n**2 - 7*n + 2*n**2. Let f(b) = -b**2 + 8*b + 5. Let d be f(8). What is i(d)?
4
Let n(w) = -w**3 + 5*w**2 - w - 1. Let a(c) = c**2 - 5*c - 4. Let h be a(5). Let t be (10/(-8))/(h/16). What is n(t)?
-6
Let o(y) = y**2 - y - 5. Let u = -7 - -7. What is o(u)?
-5
Suppose 0 - 4 = 4*p. Let d be (-4)/2 - (p - -1). Let q(k) = -k**3 - 3*k**2 - 4*k - 2. What is q(d)?
2
Let k(d) be the third derivative of -d**5/60 - 7*d**4/24 - 2*d**3/3 + 7*d**2. Calculate k(-5).
6
Suppose 9*w - 4*w - 45 = 0. Let x(o) = 3*o - 2*o - 2*o + w + 2*o. Give x(-6).
3
Let j(o) = -3*o - 13. Let s(w) = 1. Let y(k) = j(k) + 6*s(k). Suppose 0*h - 4*h = 20. What is y(h)?
8
Let r(b) = -b**3 + 3*b**2 - 3. Suppose 2*j + 15 = 7*j. Let a(i) = 2*i**2 + 3*i + 1. Let v be a(-2). Suppose j*n + 0*z + 2*z = -1, -v*n + 4 = z. Give r(n).
-3
Suppose 0 = -3*c + 5*j + 75, 2*j = -3*c - 23 + 98. Suppose c = -5*a, 4*y + a + 7 - 18 = 0. Let i(d) = 1 + y*d**2 + 3*d - 3 - 2 - d**3. Calculate i(4).
8
Suppose 2*y = -y. Let h(f) be the second derivative of f + 1/6*f**4 + 1/2*f**3 + y + 3/2*f**2. What is h(-2)?
5
Let b(i) = 8*i**3 + i**2. Let t be 6/(-9) - 30/(-18). What is b(t)?
9
Let d(z) = z**3 + 9*z**2 + 7*z - 6. Let l be (-2)/2*(-126)/(-6). Let t = l - -13. Determine d(t).
2
Suppose -5*m + 2 = 3*z + 17, 5*m - 25 = 5*z. Let j(g) = -g**2 - 9*g + 2. Give j(z).
22
Let i(d) be the second derivative of 2*d**4/3 - d**3/6 - 12*d. Let x be ((-24)/20)/((-4)/10). Suppose 0 = 2*p - 5 + x. Calculate i(p).
7
Suppose 0 = -5*l - 0*l. Let u(z) = -z - 10. Let y(w) = -w - 10. Let s(t) = 3*u(t) - 4*y(t). Give s(l).
10
Let j(l) be the first derivative of -3*l**2/2 - l + 7. Calculate j(1).
-4
Let c(t) be the first derivative of t**4/4 + 4*t**3/3 + 3*t**2/2 - 4*t + 11. Determine c(-4).
-16
Let x(h) be the first derivative of h**5/60 - 7*h**4/24 - 2*h**3/3 + 1. Let t(j) be the third derivative of x(j). Give t(6).
5
Let c(n) be the second derivative of -n**8/6720 + n**7/1260 + n**6/240 - n**5/120 - n**4/3 + 4*n. Let d(o) be the third derivative of c(o). What is d(3)?
-1
Let y(l) = l**3. Let j(c) = 4*c**3 - 4*c**2 - c. Let a(z) = -j(z) + 6*y(z). Give a(-3).
-21
Suppose -7*s + 25 = -2*s. Let h(b) = -3 + b + 2 + s. What is h(-4)?
0
Let k(v) = 5*v**2 + 9*v + 9*v**3 - 5 - 2*v - 3*v**3. Let d(g) = 12*g**3 + 9*g**2 + 13*g - 9. Let s(n) = -6*d(n) + 11*k(n). Determine s(-1).
7
Let c(m) = -m**3 - 4*m**2 - 4. Suppose -3*v - 12 = 0, 3*l - 36 = l + v. Let q(t) = -t**3 - 6*t**2 - 2*t. Let d be q(-6). Let g be (3*-1)/(d/l). Determine c(g).
-4
Let r(n) = -5*n**2 - 11*n. Let v(s) = 6*s**2 + 12*s - 1. Let f(d) = -7*r(d) - 6*v(d). Let w(i) = 1. Let c(p) = f(p) - 2*w(p). Calculate c(6).
-2
Let c(x) be the second derivative of -x**5/20 + x**4/6 - x**2/2 - 13*x. Determine c(1).
0
Let t be (3/2 - -2)*-6. Let b be (t/(-3))/1 + -2. Let q(n) = -n - 1. Calculate q(b).
-6
Let p(u) be the third derivative of -u**7/1680 - u**6/180 - u**5/30 - 3*u**2. Let k(a) be the third derivative of p(a). What is k(-5)?
11
Let t = -8/3 - -19/6. Let s(u) be the third derivative of 3*u**2 - 1/120*u**6 + 0 + 0*u - 1/15*u**5 - t*u**3 - 5/24*u**4. What is s(-3)?
3
Let i(j) be the second derivative of j**4/24 - j**3/6 - j**2/2 + 3*j. Let v(x) be the first derivative of i(x). Calculate v(-2).
-3
Let x(m) = m**3 - 4*m**2 - 5*m - 4. Let l be (2 - (3 - 2)) + 1. Suppose -3*k - k = 0. Suppose l*b + k*b = 10. What is x(b)?
-4
Let a be (3/2)/(3/4). Let z(n) be the third derivative of n**7/1680 - n**6/720 + n**5/12 + 7*n**2. Let b(k) be the third derivative of z(k). What is b(a)?
5
Let g(m) = -4*m. Let r(a) = a. Let u(j) = 3*j - 3. Let l(o) = 2*r(o) - u(o). Let x be l(4). What is